{"id":752,"date":"2020-11-01T13:08:08","date_gmt":"2020-11-01T13:08:08","guid":{"rendered":"http:\/\/spd-hevensen.de\/?page_id=752"},"modified":"2020-11-01T13:10:20","modified_gmt":"2020-11-01T13:10:20","slug":"covid-19-pandemie-kein-weihnachtsmarkt-2020","status":"publish","type":"page","link":"https:\/\/spd-hevensen.de\/?page_id=752","title":{"rendered":"Covid-19 Pandemie &#8211; kein Weihnachtsmarkt 2020"},"content":{"rendered":"<p><span style=\"font-family: verdana, geneva, sans-serif; font-size: 12pt;\">Seit 1983 gibt es in Hevensen j\u00e4hrlich zum 1. Advent einen Weihnachtsmarkt. In diesem Jahr wird man aufgrund der Covid-19 Pandemie Abstand von einer Durchf\u00fchrung nehmen m\u00fcssen. Dies beschloss der Vorstand der Hevenser SPD schon vor Verk\u00fcndung der neuen Ma\u00dfnahmen (Lockdown Light). &#8222;Die derzeit steigenden Infektionszahlen bundesweit und die aktuellen Verordnungen\u00a0 machen nach unserer Ansicht jede weitere Planung \u00fcberfl\u00fcssig&#8220;, so der Abteilungsvorsitzende Torsten Henne.\u00a0<\/span><\/p>\n<p><a href=\"http:\/\/spd-hevensen.de\/wp-content\/uploads\/2017\/10\/WM2015_Weihnachtliches.jpg\" rel=\"lightbox[752]\"><img decoding=\"async\" loading=\"lazy\" class=\"aligncenter size-full wp-image-417\" src=\"http:\/\/spd-hevensen.de\/wp-content\/uploads\/2017\/10\/WM2015_Weihnachtliches.jpg\" alt=\"\" width=\"960\" height=\"657\" srcset=\"https:\/\/spd-hevensen.de\/wp-content\/uploads\/2017\/10\/WM2015_Weihnachtliches.jpg 960w, https:\/\/spd-hevensen.de\/wp-content\/uploads\/2017\/10\/WM2015_Weihnachtliches-300x205.jpg 300w, https:\/\/spd-hevensen.de\/wp-content\/uploads\/2017\/10\/WM2015_Weihnachtliches-768x526.jpg 768w, https:\/\/spd-hevensen.de\/wp-content\/uploads\/2017\/10\/WM2015_Weihnachtliches-624x427.jpg 624w\" sizes=\"(max-width: 960px) 100vw, 960px\" \/><\/a><\/p>\n<p><span style=\"font-family: verdana, geneva, sans-serif; font-size: 12pt;\">R\u00fcckblickend muss festgestellt werden, dass die Pandemie auch einen kleinen Ort wie Hevensen arg gebeutelt hat. Das \u00f6rtliche Kulturleben ist praktisch zum Erliegen gekommen. Kein Maibaumfest, kein Drachenfest und auch kein Weihnachtsmarkt in diesem Jahr. Auch andere Vereine wie beispielsweise der Baseball und Softballverein mussten s\u00e4mtliche Veranstaltungen (Int. Softball Turnier, Oktoberfest zum 30-j\u00e4hrigen Bestehen) absagen und damit auf wichtige Einnahmen verzichten.<\/span><\/p>\n<p><span style=\"font-family: verdana, geneva, sans-serif; font-size: 12pt;\">Es bleibt zu hoffen, dass die derzeit geltenden Verordnungen und Gebote greifen und die Infektionszahlen zur\u00fcckgehen, damit im kommenden Jahr Veranstaltungen wenigstens wieder im kleinen Rahmen stattfinden k\u00f6nnen.\u00a0<\/span><\/p>\n<p>&#8222;Es geht dabei nicht in erster Linie um Einnahmen, sondern mehr um die sozialen Kontakte, welche unsere Feste im Ort herstellen und f\u00f6rdern&#8220;, stellt der Vorsitzende abschlie\u00dfend fest.<\/p>\n","protected":false},"excerpt":{"rendered":"<p>Seit 1983 gibt es in Hevensen j\u00e4hrlich zum 1. Advent einen Weihnachtsmarkt. In diesem Jahr wird man aufgrund der Covid-19 Pandemie Abstand von einer Durchf\u00fchrung nehmen m\u00fcssen. Dies beschloss der [&#8230;]<\/p>\n","protected":false},"author":1,"featured_media":0,"parent":0,"menu_order":0,"comment_status":"closed","ping_status":"closed","template":"","meta":[],"_links":{"self":[{"href":"https:\/\/spd-hevensen.de\/index.php?rest_route=\/wp\/v2\/pages\/752"}],"collection":[{"href":"https:\/\/spd-hevensen.de\/index.php?rest_route=\/wp\/v2\/pages"}],"about":[{"href":"https:\/\/spd-hevensen.de\/index.php?rest_route=\/wp\/v2\/types\/page"}],"author":[{"embeddable":true,"href":"https:\/\/spd-hevensen.de\/index.php?rest_route=\/wp\/v2\/users\/1"}],"replies":[{"embeddable":true,"href":"https:\/\/spd-hevensen.de\/index.php?rest_route=%2Fwp%2Fv2%2Fcomments&post=752"}],"version-history":[{"count":2,"href":"https:\/\/spd-hevensen.de\/index.php?rest_route=\/wp\/v2\/pages\/752\/revisions"}],"predecessor-version":[{"id":754,"href":"https:\/\/spd-hevensen.de\/index.php?rest_route=\/wp\/v2\/pages\/752\/revisions\/754"}],"wp:attachment":[{"href":"https:\/\/spd-hevensen.de\/index.php?rest_route=%2Fwp%2Fv2%2Fmedia&parent=752"}],"curies":[{"name":"wp","href":"https:\/\/api.w.org\/{rel}","templated":true}]}}