{"id":799,"date":"2021-08-20T22:21:21","date_gmt":"2021-08-20T22:21:21","guid":{"rendered":"https:\/\/spd-hevensen.de\/?page_id=799"},"modified":"2021-08-21T08:16:36","modified_gmt":"2021-08-21T08:16:36","slug":"fuer-sie-fuer-euch","status":"publish","type":"page","link":"https:\/\/spd-hevensen.de\/?page_id=799","title":{"rendered":"F\u00dcR SIE &#8211; F\u00dcR EUCH"},"content":{"rendered":"<p><a href=\"https:\/\/spd-hevensen.de\/wp-content\/uploads\/2021\/08\/OR-Hevensen1.jpg\" rel=\"lightbox[799]\"><img decoding=\"async\" loading=\"lazy\" class=\"alignleft size-large wp-image-802\" src=\"https:\/\/spd-hevensen.de\/wp-content\/uploads\/2021\/08\/OR-Hevensen1-1024x683.jpg\" alt=\"\" width=\"860\" height=\"574\" srcset=\"https:\/\/spd-hevensen.de\/wp-content\/uploads\/2021\/08\/OR-Hevensen1-1024x683.jpg 1024w, https:\/\/spd-hevensen.de\/wp-content\/uploads\/2021\/08\/OR-Hevensen1-300x200.jpg 300w, https:\/\/spd-hevensen.de\/wp-content\/uploads\/2021\/08\/OR-Hevensen1-768x512.jpg 768w, https:\/\/spd-hevensen.de\/wp-content\/uploads\/2021\/08\/OR-Hevensen1-120x80.jpg 120w, https:\/\/spd-hevensen.de\/wp-content\/uploads\/2021\/08\/OR-Hevensen1.jpg 1500w\" sizes=\"(max-width: 860px) 100vw, 860px\" \/><\/a><\/p>\n<p>&nbsp;<\/p>\n<p><span style=\"font-size: 12pt; font-family: helvetica, arial, sans-serif;\">Liebe Hevenserinnen und Hevenser!<\/span><\/p>\n<p><span style=\"font-size: 12pt; font-family: helvetica, arial, sans-serif;\">Am 12. September finden in Niedersachsen Kommunalwahlen statt. Die SPD Hevensen stellt wieder f\u00fcr alle drei kommunalen Greminen Kandidatinnen und Kandidaten auf. Gern m\u00f6chten wir uns weiterhin auf Kreis, Stadt- und Ortsebene f\u00fcr Ihre Belange einsetzen.<\/span><\/p>\n<p><span style=\"font-size: 12pt; font-family: helvetica, arial, sans-serif;\">Wir werden immer wieder gefragt, warum die SPD f\u00fcr die Ortsratswahl eine eigene Liste aufstellt und sich nicht an einer B\u00fcrgerliste beteiligt?<\/span><\/p>\n<p><span style=\"font-size: 12pt; font-family: helvetica, arial, sans-serif;\">Die Frage ist einfach beantwortet: Die SPD hat in Hevensen eine lange Tradition. Vor allem die ehemaligen Ortsb\u00fcrgermeister der SPD, Wolfgang Psyk und Siegfried G\u00fcldenbeck, pr\u00e4gten die positive Entwicklung unseres Dorfes.<\/span><\/p>\n<p><span style=\"font-size: 12pt; font-family: helvetica, arial, sans-serif;\">Wir f\u00fchlen uns dieser Tradition verpflichtet und m\u00f6chten unser Hevensen gern gemeinsam weiterentwickeln. <\/span><\/p>\n<table style=\"width: 100%;\">\n<tbody>\n<tr>\n<td style=\"width: 49.4287%; text-align: center;\"><strong><span style=\"font-family: helvetica, arial, sans-serif; font-size: 12pt; color: #ff0000;\">Platz 1: TORSTEN HENNE<br \/>\n<\/span><\/strong><\/td>\n<td style=\"width: 50.4285%; vertical-align: top;\"><span style=\"font-family: helvetica, arial, sans-serif; font-size: 12pt; color: #ff0000;\"><strong>Platz 2: CLAUDIA FITZENREITER-DENK<\/strong><\/span><\/td>\n<\/tr>\n<tr>\n<td style=\"vertical-align: top; width: 49.4287%; text-align: center;\" scope=\"col\"><a href=\"https:\/\/spd-hevensen.de\/wp-content\/uploads\/2021\/08\/Torsten.jpg\" rel=\"lightbox[799]\"><img decoding=\"async\" loading=\"lazy\" class=\"aligncenter wp-image-803\" src=\"https:\/\/spd-hevensen.de\/wp-content\/uploads\/2021\/08\/Torsten-300x300.jpg\" alt=\"\" width=\"350\" height=\"350\" srcset=\"https:\/\/spd-hevensen.de\/wp-content\/uploads\/2021\/08\/Torsten-300x300.jpg 300w, https:\/\/spd-hevensen.de\/wp-content\/uploads\/2021\/08\/Torsten-150x150.jpg 150w, https:\/\/spd-hevensen.de\/wp-content\/uploads\/2021\/08\/Torsten-768x768.jpg 768w, https:\/\/spd-hevensen.de\/wp-content\/uploads\/2021\/08\/Torsten.jpg 1000w\" sizes=\"(max-width: 350px) 100vw, 350px\" \/><\/a><span style=\"font-family: helvetica, arial, sans-serif; font-size: 12pt;\">Jahrgang: 1966, Kfm. Angestellter, ledig, Ortsatsmitglied, Ratsherr Stadtrat, Mitglied im Verwaltungsausschu\u00df.<\/span><br \/>\n<span style=\"font-family: helvetica, arial, sans-serif; font-size: 12pt;\">Vorsitzender SPD Hevensen,<\/span><br \/>\n<span style=\"font-family: helvetica, arial, sans-serif; font-size: 12pt;\">BSV Hevensen Pioneers und<\/span><br \/>\n<span style=\"font-family: helvetica, arial, sans-serif; font-size: 12pt;\">Versch\u00f6nerungsverein Hevensen.<\/span><br \/>\n<span style=\"font-family: helvetica, arial, sans-serif; font-size: 12pt;\">Mitgliedschaften:<\/span><br \/>\n<span style=\"font-family: helvetica, arial, sans-serif; font-size: 12pt;\">SG Wolbrechshausen-Hevensen, Musikverein Wolbrechtshausen, Feuerwehr und IG Alte Schule e. V.<\/span><\/td>\n<td style=\"width: 50.4285%; vertical-align: top; text-align: center;\"><a href=\"https:\/\/spd-hevensen.de\/wp-content\/uploads\/2021\/08\/Claudia.jpg\" rel=\"lightbox[799]\"><img decoding=\"async\" loading=\"lazy\" class=\"aligncenter wp-image-813\" src=\"https:\/\/spd-hevensen.de\/wp-content\/uploads\/2021\/08\/Claudia-300x300.jpg\" alt=\"\" width=\"350\" height=\"350\" srcset=\"https:\/\/spd-hevensen.de\/wp-content\/uploads\/2021\/08\/Claudia-300x300.jpg 300w, https:\/\/spd-hevensen.de\/wp-content\/uploads\/2021\/08\/Claudia-150x150.jpg 150w, https:\/\/spd-hevensen.de\/wp-content\/uploads\/2021\/08\/Claudia-768x768.jpg 768w, https:\/\/spd-hevensen.de\/wp-content\/uploads\/2021\/08\/Claudia.jpg 1000w\" sizes=\"(max-width: 350px) 100vw, 350px\" \/><\/a><span style=\"font-family: helvetica, arial, sans-serif; font-size: 12pt;\">Jahrgang: 1974, Sozialassistentin, verheiratet, 3 Kinder,<\/span><br \/>\n<span style=\"font-family: helvetica, arial, sans-serif; font-size: 12pt;\">beratendes Mitglied Ausschuss f\u00fcr Familien, Jugend und <\/span><span style=\"font-family: helvetica, arial, sans-serif; font-size: 12pt;\">Senioren im Rat der Stadt Hardegsen, <\/span><span style=\"font-family: helvetica, arial, sans-serif; font-size: 12pt;\">Stellvertretende Vorsitzende <\/span><br \/>\n<span style=\"font-family: helvetica, arial, sans-serif; font-size: 12pt;\">SPD Ortsverein Hardegsen <\/span><br \/>\n<span style=\"font-family: helvetica, arial, sans-serif; font-size: 12pt;\">Mitgliedschaften: <\/span><br \/>\n<span style=\"font-family: helvetica, arial, sans-serif; font-size: 12pt;\">SG Wolbrechshausen-Hevensen, Reitverein Hardegsen, Berufsvereinigung f\u00fcr Kindertagespflegepersonen e. V.<\/span><\/td>\n<\/tr>\n<\/tbody>\n<\/table>\n<table style=\"width: 100%;\">\n<tbody>\n<tr>\n<td style=\"width: 49.7142%; text-align: center;\"><span style=\"font-family: helvetica, arial, sans-serif; font-size: 12pt;\"><strong><span style=\"color: #ff0000;\">Platz 3: JENS BEINHORN<\/span><br \/>\n<\/strong><\/span><\/td>\n<td style=\"width: 50.1429%; text-align: center;\"><span style=\"color: #ff0000; font-size: 12pt;\"><strong><span style=\"font-family: helvetica, arial, sans-serif;\">Platz 4: SONJA SANDER<\/span><\/strong><\/span><\/td>\n<\/tr>\n<tr>\n<td style=\"width: 49.7142%; text-align: center;\" scope=\"col\"><a href=\"https:\/\/spd-hevensen.de\/wp-content\/uploads\/2021\/08\/Jens.jpg\" rel=\"lightbox[799]\"><img decoding=\"async\" loading=\"lazy\" class=\"aligncenter wp-image-814\" src=\"https:\/\/spd-hevensen.de\/wp-content\/uploads\/2021\/08\/Jens-300x300.jpg\" alt=\"\" width=\"350\" height=\"350\" srcset=\"https:\/\/spd-hevensen.de\/wp-content\/uploads\/2021\/08\/Jens-300x300.jpg 300w, https:\/\/spd-hevensen.de\/wp-content\/uploads\/2021\/08\/Jens-150x150.jpg 150w, https:\/\/spd-hevensen.de\/wp-content\/uploads\/2021\/08\/Jens-768x768.jpg 768w, https:\/\/spd-hevensen.de\/wp-content\/uploads\/2021\/08\/Jens.jpg 1000w\" sizes=\"(max-width: 350px) 100vw, 350px\" \/><\/a><span style=\"font-family: helvetica, arial, sans-serif; font-size: 12pt;\">Jahrgang 1973, VMS Techniker,<\/span><br \/>\n<span style=\"font-family: helvetica, arial, sans-serif; font-size: 12pt;\">verheiratet, 1 Kind,<\/span><br \/>\n<span style=\"font-family: helvetica, arial, sans-serif; font-size: 12pt;\">Vorstandsmitglied <\/span><br \/>\n<span style=\"font-family: helvetica, arial, sans-serif; font-size: 12pt;\">Versch\u00f6nerungsverein Hevensen.<\/span><br \/>\n<span style=\"font-family: helvetica, arial, sans-serif; font-size: 12pt;\">Mitgliedschaften:<\/span><br \/>\n<span style=\"font-family: helvetica, arial, sans-serif; font-size: 12pt;\">BSV Hevensen Pioneers, <\/span><br \/>\n<span style=\"font-family: helvetica, arial, sans-serif; font-size: 12pt;\">Feuerwehr<\/span><\/td>\n<td style=\"width: 50.1429%; text-align: center;\"><a href=\"https:\/\/spd-hevensen.de\/wp-content\/uploads\/2021\/08\/Sonja.jpg\" rel=\"lightbox[799]\"><img decoding=\"async\" loading=\"lazy\" class=\"aligncenter wp-image-816\" src=\"https:\/\/spd-hevensen.de\/wp-content\/uploads\/2021\/08\/Sonja-300x300.jpg\" alt=\"\" width=\"350\" height=\"350\" srcset=\"https:\/\/spd-hevensen.de\/wp-content\/uploads\/2021\/08\/Sonja-300x300.jpg 300w, https:\/\/spd-hevensen.de\/wp-content\/uploads\/2021\/08\/Sonja-150x150.jpg 150w, https:\/\/spd-hevensen.de\/wp-content\/uploads\/2021\/08\/Sonja-768x768.jpg 768w, https:\/\/spd-hevensen.de\/wp-content\/uploads\/2021\/08\/Sonja.jpg 1000w\" sizes=\"(max-width: 350px) 100vw, 350px\" \/><\/a><span style=\"font-size: 12pt;\">Jahrgang 1974, <\/span><br \/>\n<span style=\"font-size: 12pt;\">Zahnarzthelferin, (parteilos)<\/span><br \/>\n<span style=\"font-size: 12pt;\">geschieden.<\/span><br \/>\n<span style=\"font-size: 12pt;\">Mitglied im Versch\u00f6nerungsverein Hevensen <\/span><\/td>\n<\/tr>\n<\/tbody>\n<\/table>\n<table style=\"width: 100%;\">\n<tbody>\n<tr>\n<td style=\"width: 49.7143%; text-align: center;\"><span style=\"font-family: helvetica, arial, sans-serif; font-size: 12pt;\"><strong><span style=\"color: #ff0000;\">Platz 5: KAI DENK<\/span><br \/>\n<\/strong><\/span><\/td>\n<td style=\"width: 50.1429%; text-align: center;\"><span style=\"font-family: helvetica, arial, sans-serif; font-size: 12pt;\"><strong><span style=\"color: #ff0000;\">Platz 6: UWE MESECKE<\/span><\/strong><\/span><\/td>\n<\/tr>\n<tr>\n<td style=\"width: 49.7143%; text-align: center;\" scope=\"col\"><a href=\"https:\/\/spd-hevensen.de\/wp-content\/uploads\/2021\/08\/Kai.jpg\" rel=\"lightbox[799]\"><img decoding=\"async\" loading=\"lazy\" class=\"aligncenter wp-image-815\" src=\"https:\/\/spd-hevensen.de\/wp-content\/uploads\/2021\/08\/Kai-300x300.jpg\" alt=\"\" width=\"350\" height=\"350\" srcset=\"https:\/\/spd-hevensen.de\/wp-content\/uploads\/2021\/08\/Kai-300x300.jpg 300w, https:\/\/spd-hevensen.de\/wp-content\/uploads\/2021\/08\/Kai-150x150.jpg 150w, https:\/\/spd-hevensen.de\/wp-content\/uploads\/2021\/08\/Kai-768x768.jpg 768w, https:\/\/spd-hevensen.de\/wp-content\/uploads\/2021\/08\/Kai.jpg 1000w\" sizes=\"(max-width: 350px) 100vw, 350px\" \/><\/a><span style=\"font-family: helvetica, arial, sans-serif; font-size: 12pt;\">Jahrgang 1973,<\/span><span style=\"font-family: helvetica, arial, sans-serif; font-size: 12pt;\">LKW-Verk\u00e4uf er,<\/span><br \/>\n<span style=\"font-family: helvetica, arial, sans-serif; font-size: 12pt;\">verheiratet, 3 Kinder.<\/span><br \/>\n<span style=\"font-family: helvetica, arial, sans-serif; font-size: 12pt;\">Mitgliedschaften:<\/span><br \/>\n<span style=\"font-family: helvetica, arial, sans-serif; font-size: 12pt;\">B\u00fcrgersch\u00fctzengesellschaft G\u00f6ttingen, <\/span><br \/>\n<span style=\"font-family: helvetica, arial, sans-serif; font-size: 12pt;\">Marinekameradschaft <\/span><br \/>\n<span style=\"font-family: helvetica, arial, sans-serif; font-size: 12pt;\">G\u00f6ttingen<\/span><\/td>\n<td style=\"width: 50.1429%; text-align: center;\"><a href=\"https:\/\/spd-hevensen.de\/wp-content\/uploads\/2021\/08\/Uwe.jpg\" rel=\"lightbox[799]\"><img decoding=\"async\" loading=\"lazy\" class=\"aligncenter wp-image-817\" src=\"https:\/\/spd-hevensen.de\/wp-content\/uploads\/2021\/08\/Uwe-300x300.jpg\" alt=\"\" width=\"350\" height=\"350\" srcset=\"https:\/\/spd-hevensen.de\/wp-content\/uploads\/2021\/08\/Uwe-300x300.jpg 300w, https:\/\/spd-hevensen.de\/wp-content\/uploads\/2021\/08\/Uwe-150x150.jpg 150w, https:\/\/spd-hevensen.de\/wp-content\/uploads\/2021\/08\/Uwe-768x768.jpg 768w, https:\/\/spd-hevensen.de\/wp-content\/uploads\/2021\/08\/Uwe.jpg 1000w\" sizes=\"(max-width: 350px) 100vw, 350px\" \/><\/a><span style=\"font-family: helvetica, arial, sans-serif; font-size: 12pt;\">Jahrgang 1965, <\/span><span style=\"font-family: helvetica, arial, sans-serif; font-size: 12pt;\">Maler und Lackierer,<\/span><br \/>\n<span style=\"font-family: helvetica, arial, sans-serif; font-size: 12pt;\">verheiratet, 1 Kind,<\/span><br \/>\n<span style=\"font-family: helvetica, arial, sans-serif; font-size: 12pt;\">Ortsratsmitglied,<\/span><br \/>\n<span style=\"font-family: helvetica, arial, sans-serif; font-size: 12pt;\">Stellvertretender Vorsitzender BSV Hevensen Pioneers.<\/span><br \/>\n<span style=\"font-family: helvetica, arial, sans-serif; font-size: 12pt;\">Mitgliedschaften:<\/span><br \/>\n<span style=\"font-family: helvetica, arial, sans-serif; font-size: 12pt;\">Versch\u00f6nerungsverein Hevensen,<\/span><br \/>\n<span style=\"font-family: helvetica, arial, sans-serif; font-size: 12pt;\">Feuerwehr<\/span><\/td>\n<\/tr>\n<\/tbody>\n<\/table>\n<table style=\"width: 100%;\">\n<tbody>\n<tr>\n<td style=\"width: 50.4286%; text-align: center;\"><span style=\"font-family: helvetica, arial, sans-serif; font-size: 12pt;\"><strong><span style=\"color: #ff0000;\">Platz 7: ALEXANDER PETERSEN<\/span><br \/>\n<\/strong><\/span><\/td>\n<td style=\"width: 49.4286%;\"><\/td>\n<\/tr>\n<tr>\n<td style=\"width: 50.4286%;\" scope=\"col\">\n<p style=\"text-align: center;\"><a href=\"https:\/\/spd-hevensen.de\/wp-content\/uploads\/2021\/08\/Alex.jpg\" rel=\"lightbox[799]\"><img decoding=\"async\" loading=\"lazy\" class=\"aligncenter wp-image-818\" src=\"https:\/\/spd-hevensen.de\/wp-content\/uploads\/2021\/08\/Alex-300x300.jpg\" alt=\"\" width=\"350\" height=\"350\" srcset=\"https:\/\/spd-hevensen.de\/wp-content\/uploads\/2021\/08\/Alex-300x300.jpg 300w, https:\/\/spd-hevensen.de\/wp-content\/uploads\/2021\/08\/Alex-150x150.jpg 150w, https:\/\/spd-hevensen.de\/wp-content\/uploads\/2021\/08\/Alex-768x768.jpg 768w, https:\/\/spd-hevensen.de\/wp-content\/uploads\/2021\/08\/Alex.jpg 1000w\" sizes=\"(max-width: 350px) 100vw, 350px\" \/><\/a><span style=\"font-family: helvetica, arial, sans-serif; font-size: 12pt;\">Jahrgang: 1982, Kfm. Angestellter,<\/span><br \/>\n<span style=\"font-family: helvetica, arial, sans-serif; font-size: 12pt;\">(parteilos)<\/span><br \/>\n<span style=\"font-family: helvetica, arial, sans-serif; font-size: 12pt;\">verheiratet. <\/span><br \/>\n<span style=\"font-family: helvetica, arial, sans-serif; font-size: 12pt;\">Stellvertretender Vorsitzender <\/span><br \/>\n<span style=\"font-family: helvetica, arial, sans-serif; font-size: 12pt;\">Versch\u00f6nerungsverein Hevensen,<\/span><\/p>\n<\/td>\n<td style=\"width: 49.4286%;\"><\/td>\n<\/tr>\n<\/tbody>\n<\/table>\n","protected":false},"excerpt":{"rendered":"<p>&nbsp; Liebe Hevenserinnen und Hevenser! Am 12. September finden in Niedersachsen Kommunalwahlen statt. Die SPD Hevensen stellt wieder f\u00fcr alle drei kommunalen Greminen Kandidatinnen und Kandidaten auf. Gern m\u00f6chten wir [&#8230;]<\/p>\n","protected":false},"author":1,"featured_media":0,"parent":0,"menu_order":0,"comment_status":"closed","ping_status":"closed","template":"","meta":[],"_links":{"self":[{"href":"https:\/\/spd-hevensen.de\/index.php?rest_route=\/wp\/v2\/pages\/799"}],"collection":[{"href":"https:\/\/spd-hevensen.de\/index.php?rest_route=\/wp\/v2\/pages"}],"about":[{"href":"https:\/\/spd-hevensen.de\/index.php?rest_route=\/wp\/v2\/types\/page"}],"author":[{"embeddable":true,"href":"https:\/\/spd-hevensen.de\/index.php?rest_route=\/wp\/v2\/users\/1"}],"replies":[{"embeddable":true,"href":"https:\/\/spd-hevensen.de\/index.php?rest_route=%2Fwp%2Fv2%2Fcomments&post=799"}],"version-history":[{"count":12,"href":"https:\/\/spd-hevensen.de\/index.php?rest_route=\/wp\/v2\/pages\/799\/revisions"}],"predecessor-version":[{"id":801,"href":"https:\/\/spd-hevensen.de\/index.php?rest_route=\/wp\/v2\/pages\/799\/revisions\/801"}],"wp:attachment":[{"href":"https:\/\/spd-hevensen.de\/index.php?rest_route=%2Fwp%2Fv2%2Fmedia&parent=799"}],"curies":[{"name":"wp","href":"https:\/\/api.w.org\/{rel}","templated":true}]}}