{"id":867,"date":"2022-05-15T11:40:01","date_gmt":"2022-05-15T11:40:01","guid":{"rendered":"https:\/\/spd-hevensen.de\/?page_id=867"},"modified":"2022-05-15T11:45:27","modified_gmt":"2022-05-15T11:45:27","slug":"jahreshauptversammlung-2022","status":"publish","type":"page","link":"https:\/\/spd-hevensen.de\/?page_id=867","title":{"rendered":"Jahreshauptversammlung 2022:"},"content":{"rendered":"<p><span style=\"font-size: 12pt; font-family: helvetica, arial, sans-serif;\"><strong>Torsten Henne wurde in der gut besuchten Jahreshauptversammlung der SPD-Abteilung Hevensen am vergangenen Freitag (13.05.) einstimmig im Amt des Abteilungsvorsitzenden best\u00e4tigt. <\/strong><\/span><\/p>\n<div id=\"attachment_803\" style=\"width: 310px\" class=\"wp-caption alignleft\"><img aria-describedby=\"caption-attachment-803\" decoding=\"async\" loading=\"lazy\" class=\"wp-image-803 size-medium\" src=\"https:\/\/spd-hevensen.de\/wp-content\/uploads\/2021\/08\/Torsten-300x300.jpg\" alt=\"\" width=\"300\" height=\"300\" srcset=\"https:\/\/spd-hevensen.de\/wp-content\/uploads\/2021\/08\/Torsten-300x300.jpg 300w, https:\/\/spd-hevensen.de\/wp-content\/uploads\/2021\/08\/Torsten-150x150.jpg 150w, https:\/\/spd-hevensen.de\/wp-content\/uploads\/2021\/08\/Torsten-768x768.jpg 768w, https:\/\/spd-hevensen.de\/wp-content\/uploads\/2021\/08\/Torsten.jpg 1000w\" sizes=\"(max-width: 300px) 100vw, 300px\" \/><p id=\"caption-attachment-803\" class=\"wp-caption-text\">Seit 2010 Vorsitzender: Torsten Henne<\/p><\/div>\n<p><span style=\"font-size: 12pt; font-family: helvetica, arial, sans-serif;\">Nachdem aufgrund der Corona-Pandemie die Hauptversammlung 2021 nicht stattfinden konnte, wurden aktuell zwei Jahre abgehandelt. Neben den Vorstandswahlen standen somit die Berichte f\u00fcr die Jahre 2020 und 2021 und eine Aussprache \u00fcber die Finanzierung und Sanierung des Parteihauses auf der Tagesordnung. In seinen Jahresberichten sprach der Vorsitzende vor allem die Wahlen im Jahr 2021 an. Kommunalwahlen und Bundestagswahlen brachten durchweg positive Ergebnisse. Einzig, die knapp verfehlte Mehrheit im Ortsrat Hevensen passte nicht zum Gesamtbild. Veranstaltungen konnten wegen Corona nicht stattfinden. Somit konnte man auch keine Einnahmen generieren, welche f\u00fcr den Betrieb des Parteihauses wichtig sind. Aufgrund dessen gab es aus dem Kassenbereich wenig Gutes zu berichten. Jens Beinhorn pr\u00e4sentierte die Jahresberichte 2020 und 2021. Die Abteilung steht trotz der hohen Ausgaben der beiden letzten Jahren finanziell noch immer auf soliden F\u00fc\u00dfen.<\/span><\/p>\n<p><span style=\"font-size: 12pt; font-family: helvetica, arial, sans-serif;\">Bis zum Weihnachtsmarkt am 26.11.2022 soll das Haus einen neuen Fu\u00dfboden sowie einige andere Umbauten erhalten. U. a. solle die Beleuchtung erneuert werden. Das Material f\u00fcr diese Ma\u00dfnahmen wurde schon vor Corona eingekauft und wird die Kasse der Abteilung daher kaum belasten. Die Mitglieder w\u00fcnschen sich im Versammlungsbereich des Hauses eine hellere und freundliche Atmosph\u00e4re.<\/span><\/p>\n<p><span style=\"font-size: 12pt; font-family: helvetica, arial, sans-serif;\">Im Rahmen der Vorstandswahlen wurde Torsten Henne einstimmig im Amt des Vorsitzenden best\u00e4tigt. Ebenso sein Stellvertreter Uwe Mesecke. Neu in den Vorstand wurde Anja Beinhorn gew\u00e4hlt. Sie l\u00f6st Kai Denk als zweite stellvertretende Vorsitzende ab. Kai Denk stand nicht mehr zur Wahl. Jens Beinhorn bleibt Kassierer, Annett Naumann ist weiterhin Schriftf\u00fchrerin.<\/span><\/p>\n<p><span style=\"font-size: 12pt; font-family: helvetica, arial, sans-serif;\">Politische Berichte gab es aus Orts- und Stadtrat, sowie aus dem Kreistag. Als Veranstaltungen sind wieder das Drachenfest (03.10.) und der Weihnachtsmarkt (26.11.) geplant. Noch vor den Sommerferien ist ein gem\u00fctlicher Abend im Parteihaus geplant. Zu diesem \u201eKneipenabend\u201c sind alle B\u00fcrgerinnen und B\u00fcrger herzlich eingeladen. Der Termin wird zeitnah bekanntgegeben.<\/span><\/p>\n<p>&nbsp;<\/p>\n","protected":false},"excerpt":{"rendered":"<p>Torsten Henne wurde in der gut besuchten Jahreshauptversammlung der SPD-Abteilung Hevensen am vergangenen Freitag (13.05.) einstimmig im Amt des Abteilungsvorsitzenden best\u00e4tigt. Nachdem aufgrund der Corona-Pandemie die Hauptversammlung 2021 nicht stattfinden [&#8230;]<\/p>\n","protected":false},"author":1,"featured_media":0,"parent":0,"menu_order":0,"comment_status":"closed","ping_status":"closed","template":"","meta":[],"_links":{"self":[{"href":"https:\/\/spd-hevensen.de\/index.php?rest_route=\/wp\/v2\/pages\/867"}],"collection":[{"href":"https:\/\/spd-hevensen.de\/index.php?rest_route=\/wp\/v2\/pages"}],"about":[{"href":"https:\/\/spd-hevensen.de\/index.php?rest_route=\/wp\/v2\/types\/page"}],"author":[{"embeddable":true,"href":"https:\/\/spd-hevensen.de\/index.php?rest_route=\/wp\/v2\/users\/1"}],"replies":[{"embeddable":true,"href":"https:\/\/spd-hevensen.de\/index.php?rest_route=%2Fwp%2Fv2%2Fcomments&post=867"}],"version-history":[{"count":3,"href":"https:\/\/spd-hevensen.de\/index.php?rest_route=\/wp\/v2\/pages\/867\/revisions"}],"predecessor-version":[{"id":871,"href":"https:\/\/spd-hevensen.de\/index.php?rest_route=\/wp\/v2\/pages\/867\/revisions\/871"}],"wp:attachment":[{"href":"https:\/\/spd-hevensen.de\/index.php?rest_route=%2Fwp%2Fv2%2Fmedia&parent=867"}],"curies":[{"name":"wp","href":"https:\/\/api.w.org\/{rel}","templated":true}]}}

<p><span style="font-size: 12pt; font-family: helvetica, arial, sans-serif;"><strong>Torsten Henne wurde in der gut besuchten Jahreshauptversammlung der SPD-Abteilung Hevensen am vergangenen Freitag (13.05.) einstimmig im Amt des Abteilungsvorsitzenden bestätigt. </strong></span></p>
<div id="attachment_803" style="width: 310px" class="wp-caption alignleft"><img aria-describedby="caption-attachment-803" decoding="async" loading="lazy" class="wp-image-803 size-medium" src="https://spd-hevensen.de/wp-content/uploads/2021/08/Torsten-300x300.jpg" alt="" width="300" height="300" srcset="https://spd-hevensen.de/wp-content/uploads/2021/08/Torsten-300x300.jpg 300w, https://spd-hevensen.de/wp-content/uploads/2021/08/Torsten-150x150.jpg 150w, https://spd-hevensen.de/wp-content/uploads/2021/08/Torsten-768x768.jpg 768w, https://spd-hevensen.de/wp-content/uploads/2021/08/Torsten.jpg 1000w" sizes="(max-width: 300px) 100vw, 300px" /><p id="caption-attachment-803" class="wp-caption-text">Seit 2010 Vorsitzender: Torsten Henne</p></div>
<p><span style="font-size: 12pt; font-family: helvetica, arial, sans-serif;">Nachdem aufgrund der Corona-Pandemie die Hauptversammlung 2021 nicht stattfinden konnte, wurden aktuell zwei Jahre abgehandelt. Neben den Vorstandswahlen standen somit die Berichte für die Jahre 2020 und 2021 und eine Aussprache über die Finanzierung und Sanierung des Parteihauses auf der Tagesordnung. In seinen Jahresberichten sprach der Vorsitzende vor allem die Wahlen im Jahr 2021 an. Kommunalwahlen und Bundestagswahlen brachten durchweg positive Ergebnisse. Einzig, die knapp verfehlte Mehrheit im Ortsrat Hevensen passte nicht zum Gesamtbild. Veranstaltungen konnten wegen Corona nicht stattfinden. Somit konnte man auch keine Einnahmen generieren, welche für den Betrieb des Parteihauses wichtig sind. Aufgrund dessen gab es aus dem Kassenbereich wenig Gutes zu berichten. Jens Beinhorn präsentierte die Jahresberichte 2020 und 2021. Die Abteilung steht trotz der hohen Ausgaben der beiden letzten Jahren finanziell noch immer auf soliden Füßen.</span></p>
<p><span style="font-size: 12pt; font-family: helvetica, arial, sans-serif;">Bis zum Weihnachtsmarkt am 26.11.2022 soll das Haus einen neuen Fußboden sowie einige andere Umbauten erhalten. U. a. solle die Beleuchtung erneuert werden. Das Material für diese Maßnahmen wurde schon vor Corona eingekauft und wird die Kasse der Abteilung daher kaum belasten. Die Mitglieder wünschen sich im Versammlungsbereich des Hauses eine hellere und freundliche Atmosphäre.</span></p>
<p><span style="font-size: 12pt; font-family: helvetica, arial, sans-serif;">Im Rahmen der Vorstandswahlen wurde Torsten Henne einstimmig im Amt des Vorsitzenden bestätigt. Ebenso sein Stellvertreter Uwe Mesecke. Neu in den Vorstand wurde Anja Beinhorn gewählt. Sie löst Kai Denk als zweite stellvertretende Vorsitzende ab. Kai Denk stand nicht mehr zur Wahl. Jens Beinhorn bleibt Kassierer, Annett Naumann ist weiterhin Schriftführerin.</span></p>
<p><span style="font-size: 12pt; font-family: helvetica, arial, sans-serif;">Politische Berichte gab es aus Orts- und Stadtrat, sowie aus dem Kreistag. Als Veranstaltungen sind wieder das Drachenfest (03.10.) und der Weihnachtsmarkt (26.11.) geplant. Noch vor den Sommerferien ist ein gemütlicher Abend im Parteihaus geplant. Zu diesem „Kneipenabend“ sind alle Bürgerinnen und Bürger herzlich eingeladen. Der Termin wird zeitnah bekanntgegeben.</span></p>
<p>&nbsp;</p>

<p>Torsten Henne wurde in der gut besuchten Jahreshauptversammlung der SPD-Abteilung Hevensen am vergangenen Freitag (13.05.) einstimmig im Amt des Abteilungsvorsitzenden bestätigt. Nachdem aufgrund der Corona-Pandemie die Hauptversammlung 2021 nicht stattfinden [&#8230;]</p>
